.
2, 3, 197
Let a = -4542 + 8808. List the prime factors of a.
2, 3, 79
Let w = -166 + 249. Suppose 664 - w = 3*d + 4*o, -2*o = d - 193. Suppose 193*j + 394 = d*j. What are the prime factors of j?
197
Suppose -29 = 14*r + 13. List the prime factors of (-22)/((-528)/36)*(-1940)/r.
2, 5, 97
Suppose -3*g - 3*f + 5 = -7, -3*f = 2*g - 9. What are the prime factors of g - (-151)/((1/(-1))/(-1))?
2, 7, 11
List the prime factors of ((-1)/(-2))/((-9)/((-1291824)/(-1004744)) + 7).
8971
Let g be (-1 - -3)/(-2) + -10. What are the prime factors of (682/(-4))/g*26?
13, 31
Let a(b) = 128*b**2 + 278*b + 2306. List the prime factors of a(-9).
2, 2543
Let a(p) = -p**2 - 119*p + 443. What are the prime factors of a(-74)?
7, 11
Let f be 7883 - (-5 + 7)/(-1). Suppose -f = 33*c - 38476. List the prime factors of c.
3, 103
Suppose 0 = 2*d - 57 + 27. Suppose -16*i + 115 = -d*i. List the prime factors of i.
5, 23
Let l = 20 + -18. Let b(h) = 2952*h**l + 5*h**3 - 2*h + 22*h**3 - 2954*h**2. List the prime factors of b(2).
2, 3, 17
Let s(f) = 43*f**2 + 7*f - 51. Let o(a) = -21*a**2 - 4*a + 26. Let t(n) = -11*o(n) - 6*s(n). Let x be t(8). List the prime factors of (x/(-30))/((-6)/(-15)).
3, 47
Let v(k) = 2*k - 24. Let a be v(-6). Let o = a + 47. Suppose -u - o = -2*u. What are the prime factors of u?
11
List the prime factors of (4/(-6))/((-218)/3443637).
10531
Suppose -2*j = -s - 45577, j + 1390*s - 22785 = 1387*s. List the prime factors of j.
2, 3, 211
Suppose 2*h + 39 = 21. What are the prime factors of (-69)/(-46)*((-4377)/h + 1)?
17, 43
Suppose -p = 5*y - 64269, -139*y + 135*y = p - 51415. What are the prime factors of y?
2, 6427
Suppose 2*q - r = 10, 3*q - 4*r - 14 = 6. Suppose -5*n = 20, 3*f + f - 88 = -q*n. List the prime factors of f/6 + (-3)/9.
2
List the prime factors of (-23296992)/(-2400) - 2/25.
17, 571
Let d be (106/5)/((-1)/(-5)). Let v be 18/2*(-9)/27 + (25 - 5). Let a = v + d. List the prime factors of a.
3, 41
Suppose 3*a - 924*s = -922*s + 100190, 166977 = 5*a + 3*s. List the prime factors of a.
2, 3, 11, 23
Let p(n) = n**3 - 2*n**2 + 8*n + 9669. What are the prime factors of p(0)?
3, 11, 293
Let x(v) = v**3 + 30*v**2 + 27*v + 25. List the prime factors of x(-26).
2027
Let b = -29731 + 56681. List the prime factors of b.
2, 5, 7, 11
Let d(a) = 170*a - 1027. List the prime factors of d(83).
3, 7, 89
Suppose -75 = 3*v + 387. Let i be ((-8)/(-16))/(1/v). Let p = 157 + i. List the prime factors of p.
2, 5
Let n(y) = 0*y**3 + y**2 + 2*y**2 + 13 + 2*y**2 - 15*y + y**3 + 16. What are the prime factors of n(7)?
2
Suppose 0 = -4*t + 4*k - 24, 2*t + 2*k + 3 = -1. Let l be (-128)/48*15/t. Suppose -67 = l*m - 11*m. List the prime factors of m.
67
Let l = -157 + 161. What are the prime factors of ((-334)/l + 2)*(16 + -24)?
2, 163
Let o(n) = -3*n**2 - n**2 - 19*n + n**3 + 17 + n - 12*n**2. Let v be o(17). List the prime factors of ((-3)/3)/(1/(-198) - v).
2, 3, 11
Let c be (-5)/25 + (-31)/(-5). List the prime factors of 5575/35 + c/(-21).
3, 53
Let k = 922 - 103. Let x = k + -474. Suppose 4*j - x = 67. List the prime factors of j.
103
Let p = 28 + -25. Suppose -2*f - 10 = -0*f, 2*l = -p*f + 407. What are the prime factors of l?
211
Let a(h) be the first derivative of -h**3/3 - h**2/2 + 4*h - 6. Let p be a(4). What are the prime factors of (-4)/p + (2 - 1030/(-8))?
131
Suppose -9*y - 18 = -18*y. Let n(c) = 0*c - 3 + 6*c**y + 4*c + c**2 - 6*c**2. List the prime factors of n(-10).
3, 19
Let i(q) = -1793 - 2*q**3 + 0*q + 3*q - 14*q**2 - 2*q**3 + 1743. What are the prime factors of i(-7)?
3, 5, 41
Let o(h) = -h**2 - 4*h - 1. Let f be o(-3). Let c(n) = 8*n + 2*n - 2*n + 3*n**f + 2*n + 21. What are the prime factors of c(-6)?
3, 23
Let s(h) = 3*h**2 + 16*h - 79. Let g(f) = -f**2 - 7*f + 39. Let m(b) = 13*g(b) + 6*s(b). What are the prime factors of m(7)?
313
Suppose 209*h - 2447435 = 143*h + 643015. List the prime factors of h.
5, 1873
Suppose 3*d - 18 = -3. Suppose -152 = -2*l + 4*q, -d*l = -l + 5*q - 239. List the prime factors of (l - 0)/(33/22).
2, 11
Let c(q) = 2*q + 68. Let f be c(8). Let t = f + 1. What are the prime factors of t?
5, 17
Let s(i) = i**3 - 14*i**2 - 16*i - 2. Let h be s(15). Let w = h - -11. List the prime factors of w + 2 + 4 - -140.
2, 5, 7
Let s(h) = h**2 - 6*h**2 + 6*h + 5*h**2 + 10 + 4*h**2. Let n be s(-2). Let m = 2 + n. What are the prime factors of m?
2
What are the prime factors of (9*(-28)/(-54))/(2/3) + 26240?
3, 13, 673
Suppose -5*o + 5*p - 3*p + 198 = 0, 0 = 3*o + 2*p - 122. Suppose 4320 = o*a - 31*a. What are the prime factors of a?
2, 3, 5
Suppose -5*m - 297 - 558 = 0. Let s = 234 + m. List the prime factors of s.
3, 7
Let c = -63 - -148. Suppose -c = -2*b + 15. List the prime factors of b.
2, 5
What are the prime factors of 37*(-27)/18*(-4800)/9?
2, 5, 37
Let f(h) = -h - 36. Suppose 37*i = 39*i + 24. Let d be f(i). What are the prime factors of (2 - -4)*(d/(-9) + -1)?
2, 5
Suppose 2*u + 126364 = 4*o, 18*o + 5*u = 21*o - 94787. List the prime factors of o.
31, 1019
Let w be (-2)/7 + (-662)/(-14). Let m(l) = l**2 - 17*l + 51. Let a be m(5). List the prime factors of (-1)/(a/(-12))*3 + w.
43
Let f(x) = -5*x + 32. Let l be f(7). Let g be 1463/3 - (l - (-24)/9). Suppose -95 = -p + n, -4*p + 2*n - 102 = -g. List the prime factors of p.
2, 7
Let o(g) = 90*g**2 + 85*g + 839. What are the prime factors of o(-12)?
13, 983
Let v(s) = 49*s**2 + 53*s - 338. List the prime factors of v(6).
2, 109
Let b(o) = -60*o**2 + 13*o - 30. Let q be b(2). Let v = 115 - q. What are the prime factors of v?
359
Let z = 700 + 420. Suppose 4*a - z = -n, 3*a + 0*a = 5*n + 863. List the prime factors of a.
281
List the prime factors of -3*(5939/(95/20 - 4))/(-2).
2, 5939
What are the prime factors of (174/(-783))/(2/(-99882))?
2, 31, 179
Let w be 2880 - (4 - -20)/3. Let f = w + -1353. What are the prime factors of f?
7, 31
Let g = 19738 - -10033. What are the prime factors of g?
7, 4253
Let r = -1470 - -2069. What are the prime factors of 0/(12/3) + r?
599
Let j be (-2)/3*6 - -417. Let n = -101 + j. What are the prime factors of n?
2, 3, 13
Let i = -64 - -66. Suppose -2 = -l - 2*y, -2*l + l + y = -i. Suppose -t = -2*w - w - 163, l*t - 5*w = 324. What are the prime factors of t?
157
Let f(h) = -h**3 - 91*h**2 + 2177*h - 286. List the prime factors of f(-112).
2, 3, 29, 37
What are the prime factors of (3/3)/((-119)/(-34) + (-247474)/70708)?
11, 1607
Let c(v) = -v**3 - 8*v**2 + 14*v - 11. Let a be c(6). Let k = a + 500. What are the prime factors of k?
3, 23
List the prime factors of 865 - (4 - (-63)/(-14))*-12.
859
Suppose 0 = -4*b - 4*i + 24, 2*b - 32 = 3*i - i. Let s be 18/117 + (-540)/(-39). Suppose 0 = b*f - s*f + 144. What are the prime factors of f?
2, 3
Suppose 25361 = 12*n - 23719. Suppose 0 = 4*g + 2*a - n, 2*a - 5 = 3*a. What are the prime factors of g?
5, 41
Suppose 3*d - 2*j = 54, 4*j + 2 + 90 = 5*d. Suppose d*w - 15*w = 43. What are the prime factors of 2 + -1*(-4 - w)?
7
Let r = 40 + 84. Let q = 353 - r. List the prime factors of q.
229
What are the prime factors of -9*9/(-54)*2*21493?
3, 21493
Suppose 4*k - 5*v + 9 = 0, 2*v = k - 2*v - 6. List the prime factors of (-16)/k*8145/60.
2, 181
Suppose 8*q + 9*q = 15912. Suppose 0 = -p + 2, -5*p = 4*x - q + 134. List the prime factors of x.
2, 3, 11
Suppose m = -4*x + 670, -494 = -3*x - 6*m + m. Suppose v + x = -3*v. What are the prime factors of (v/(-70))/((-3)/(-2))*290?
2, 29
Let i(c) = -c**2 + 448 + 43*c + 52*c - 111*c. What are the prime factors of i(0)?
2, 7
Let h(f) = 541*f**2 + 59*f - 126. List the prime factors of h(2).
2, 7, 11
Let w(n) = 404*n**2 + 32*n - 19. What are the prime factors of w(-5)?
3, 3307
What are the prime factors of 98/784 - 79855/(-8)?
2, 7, 23, 31
Let o(b) = 1777*b - 310. What are the prime factors of o(9)?
15683
Suppose 11*m - 9278 = 10390. Suppose -11*u = -m - 995. What are the prime factors of u?
11, 23
Let c = 1047 + -611. Let q = 119 + c. List the prime factors of q.
3, 5, 37
Suppose 33700 = -563*q + 565*q. List the prime factors of q.
2, 5, 337
Let b = -1814 + 3726. Suppose 1911*r = b*r - 1462. List the prime factors of r.
2, 17, 43
Let h = -105 - -107. Suppose -a + 2*m + 2 = 0, -3*a + 2*a - 2*m = -h. List the prime factors of (a/4)/(1/74).
37
Let w be (1/1)/((-914832)/